 What is the units digit of n?
7
Let r(x) = -3*x**2 + 16*x. Let o(g) = 7*g**2 - 33*g. Let n(p) = -2*o(p) - 5*r(p). What is the units digit of n(15)?
5
Let p(n) = n**3 + 4*n**2 + 0*n**2 - 8 + 4*n + 3*n**2. Let z(f) = f - 18. Let w be z(12). What is the units digit of p(w)?
4
Let i(a) = -a**3 - 9*a**2 - 7*a + 8. Let v be i(-8). Let p(t) = 2*t - 42. Let q(d) = -d + 21. Let u(o) = -3*p(o) - 5*q(o). What is the tens digit of u(v)?
2
Let g(z) = z**3 - 5*z**2 - 2*z + 4. Suppose 2*i = i + 5. Let b be g(i). Let m = 10 + b. What is the units digit of m?
4
Suppose -4*n - 30 = -5*n. What is the units digit of n?
0
Let s be 2 + (216/(-2))/(-3). Let c = 67 - s. Let a = c - 14. What is the units digit of a?
5
Suppose 3*h = -3*g + 201, h = 5*g + 52 + 33. Suppose 2*z + 4*i = h, 5*z - 4*z - 4*i - 53 = 0. What is the units digit of z?
1
Let n(c) = 2*c - 4. Let b be 3/(-2)*8/(-4). What is the units digit of n(b)?
2
Let z = 13 - 10. Suppose -z*j + 1 = -95. What is the tens digit of j?
3
Suppose -3*y + 7 = -11. Suppose 0 = -2*h + 5*i + 10, 4*i + 9 = 3*h - y. Suppose -h*x + 22 = -3*x. What is the units digit of x?
1
Let z = -23 - -38. Let a be -4*(z/2)/3. Let v = a + 22. What is the units digit of v?
2
Let s(y) = -y**3 - y**2 - y - 1. Let u(x) = -6*x**3 - 2*x**2 - 6. Let d(b) = 5*s(b) - u(b). Let q be d(4). Let v = 6 + q. What is the units digit of v?
3
Suppose -5*y - 10 = 0, -y + 6*y = -5*x + 60. Let i = -8 + x. What is the units digit of i?
6
What is the tens digit of 170/15*(-9)/(-2)?
5
Let y = 17 + 0. What is the tens digit of y?
1
Let m be 1/(((-4)/(-5))/4). Suppose 3*f - m*o + 42 = -2, -3*f - 2*o = 16. Let z = f + 14. What is the units digit of z?
6
What is the tens digit of (-440)/(-14) - 6/14?
3
Let s = 0 + 0. Suppose s = -b - b. Suppose -5*m + 6 + 29 = b. What is the units digit of m?
7
Suppose -3*y = 5*a - 141, 5*a = 4*y + 48 + 79. Let g = a - 77. What is the tens digit of g/(-4) + (-1)/(-2)?
1
Suppose 5*s = 1 + 19. Suppose -4 = -2*a + i, -3*a - 2*i - s = -5*a. What is the units digit of 1/(3*a/6)?
1
Suppose -4*t = 4*z - 311 - 173, 3*z = 3*t + 369. What is the units digit of z?
2
Suppose -2*x + 0 + 4 = 0. Let s = x + 2. What is the units digit of s*2*(-12)/(-8)?
2
Let n(u) be the third derivative of u**4/6 - u**3/3 - u**2. What is the units digit of n(4)?
4
Suppose -4*v + 2*i = -176, i = -5*v - 4*i + 190. What is the tens digit of v?
4
Let t = -6 - 15. Let w(a) = -a**2 + 2*a + 1. Let f be w(-1). What is the units digit of (-4)/((-24)/t)*f?
7
Suppose -2*z = 3*z, -5*l - z = -375. What is the tens digit of l?
7
Let m(b) = 13*b - 2. What is the units digit of m(2)?
4
Let p be -1 + 12*(-3)/(-6). Suppose -p*y = -6*y + 37. What is the tens digit of y?
3
Suppose 5*q + 11 = 321. What is the units digit of q?
2
Let z = 64 - -13. What is the tens digit of z?
7
Suppose 3*a - 5*a = -92. What is the units digit of a?
6
Suppose 4*o - 4*k + 44 = 0, 2*o + 27 = 4*k + 7. Let y(q) = -q + 3. What is the units digit of y(o)?
5
Let g be 2*-1*(2 + -1). What is the units digit of g + 2 - 3*-4?
2
Suppose 64 = 2*f - 4*q, f + 5*q - 76 = -3*f. Let p = 42 - f. What is the tens digit of p?
1
Let q = 15 - 6. Suppose -14 = -o + q. What is the units digit of o?
3
Let s be 1 + (-2 - -59) - 3. Suppose j = s - 10. What is the tens digit of j?
4
Suppose h - 2*h + 38 = 0. Suppose 3*p + 4*m = -0*p - h, 0 = 5*p + 3*m + 45. What is the units digit of p/(-4)*(-12)/(-18)?
1
Suppose -4*n - n + 779 = 4*g, 0 = -5*n + 2*g + 773. What is the hundreds digit of n?
1
Let d = 9 + 344. What is the hundreds digit of d?
3
Suppose -2*k = -4*l - 60, -2*k - 3*l + 35 - 10 = 0. What is the tens digit of k?
2
Suppose 0 = 11*h - 6*h - 265. What is the units digit of h?
3
Let a = 1 + -4. Let b be 1/a*-1*3. Let i(c) = 20*c. What is the units digit of i(b)?
0
Let z be 3 + ((-3)/1 - 0). Suppose v - 10 + 4 = z. What is the units digit of (-3)/v*(-3 - -1)?
1
What is the tens digit of (-2432)/(-15) - (-4)/(-30)?
6
Suppose 0 = -i + 3 - 2. Let p = i + 2. What is the units digit of p?
3
Let t(n) = n**3 + 9*n**2 + 9*n - 5. What is the units digit of t(-7)?
0
Let z(y) = -4*y - 4. Let u be z(-4). Suppose -4*c + 36 = -u. What is the units digit of c?
2
Let c = 1 + 2. What is the units digit of (c - 69/6)*-2?
7
Suppose -j = -0*j - 6. Suppose -j = -l - 2*l. Suppose l*s = s + 5. What is the units digit of s?
5
Let g = -19 - -10. What is the units digit of ((-21)/g)/((-1)/(-3))?
7
Let u(p) = -p + 5. Let w(c) = -c + 6. Let f(r) = -5*u(r) + 6*w(r). What is the units digit of f(0)?
1
Let i = -25 + 45. Suppose 3*b + i = 5*f, -f + 2*f - 5*b = 4. What is the tens digit of f/(-14) - (-100)/7?
1
Suppose 4*y + y = 0. Let c = y + 2. What is the units digit of 18/8*c*2?
9
Let x = -9 - -15. Suppose 5*m = 2*g + 13, -5 = g - 4*m + x. What is the units digit of g?
1
Let g(z) be the third derivative of 2*z**5/15 - z**3/6 + z**2. Let v be g(-1). Suppose 2*n = 31 - v. What is the tens digit of n?
1
Suppose 103 = 17*g - 16*g. What is the tens digit of g?
0
Suppose -y + 5*v + 32 = 0, 0 = -2*y + 5*v + 60 - 1. Suppose 0*w = -4*f + 2*w - 10, 0 = -2*f + 2*w - 10. What is the units digit of (f + 3/9)*y?
9
Let w = -11 + -4. What is the tens digit of (190/w)/(4/(-6))?
1
Suppose 2*a = -a + 15. Let u = 9 - a. Suppose 0 = -2*q - j + 8, 0 = -u*q + 5*j - 0*j + 16. What is the units digit of q?
4
Let l(j) = -19*j + 3. Let x(h) = 58*h - 8. Let a(n) = -7*l(n) - 2*x(n). What is the tens digit of a(2)?
2
Let z(c) = 5*c - 2. What is the units digit of z(5)?
3
Let f = -469 + 838. What is the units digit of f?
9
Let v = -5 + 4. Let k = v + 11. What is the units digit of k?
0
Let p be 38/9 + (-10)/45. Suppose -2*k - 6 = -p*k. Suppose 14 = y - 3*m, 3*y - k*m - 24 = -0*m. What is the units digit of y?
5
Let a = -2 + 2. What is the units digit of (-2 + 0)*(a - 3)?
6
Let q(n) = -2*n**3 - 19*n**2 - 4*n + 5. What is the units digit of q(-10)?
5
Suppose -2*z = -2*n + 19 + 45, -3*z + 4*n = 92. What is the tens digit of ((-6)/4)/(3/z)?
1
Let f = 357 + 56. What is the tens digit of f?
1
Suppose 0 = 5*r - u - 16, 0 = -u - 2 + 1. Suppose 2*d + 0*m - 46 = -r*m, 2*d + m = 46. What is the tens digit of d?
2
Let n = 225 + -72. What is the units digit of n?
3
Suppose -3 = 5*w - 6*w. Suppose -w*t = t - 68. What is the tens digit of t?
1
Suppose -5*n = -5, 2*h - 2*n - 107 = -29. What is the tens digit of h?
4
Let w(l) be the second derivative of -l**3/6 + l**2/2 - 2*l. Let t be w(-8). What is the units digit of (15/t - 2)*-9?
3
Let f be (7 - 3) + (-3 - 0). What is the units digit of (-2 + f)*(-224)/8?
8
Let k(f) = f**3 - 5*f**2 + f - 4. Suppose -9*b = -8*b - 8. Suppose x - b + 3 = 0. What is the units digit of k(x)?
1
Let o be -9*(-3 + 14/6). Suppose 0*r - r + 3 = 0. Suppose -o - 10 = -3*j + 5*h, -r*j = 3*h. What is the units digit of j?
2
Let x be (-10)/2*(-3)/3. Suppose 0 = -4*w - x*t + 4*t, 2*t = -4*w. Suppose -4*b - 20 = w, 1 = -6*a + 3*a - 5*b. What is the units digit of a?
8
Suppose 4*y - 26 = -2*g, -7*y = -6*y - g - 8. What is the units digit of y?
7
What is the hundreds digit of (-103)/2*-1*2?
1
Let c be (-4)/(-22) + (-45)/(-55). Let g = 5 + c. What is the units digit of g?
6
Let n(s) be the second derivative of -2*s**2 + 0 + 2/3*s**3 - 1/20*s**5 + 2*s + 1/4*s**4. What is the units digit of n(3)?
8
Let d be 3/(-3)*-1 + 3. Suppose d*g - 17 = 3. Suppose 5*y + w = -2 + 25, -3*y - g*w = -27. What is the units digit of y?
4
Suppose 0 = a - 6*a - 105. Let i = a + 45. Suppose 2*u + 5*d = 9 + 3, -4*u = d - i. What is the units digit of u?
6
Suppose 6*q = 571 - 181. What is the units digit of q?
5
Suppose 0*l + 52 = 2*l. What is the units digit of l?
6
Let v = 23 + -15. Let l = 14 + -8. Suppose -3*m + v = -c, -l*m = -2*m - 12. What is the units digit of c?
1
Let g(x) = x - 2. Let j be g(5). Let f = 11 - j. What is the units digit of f?
8
Let n(s) be the first derivative of -s**2 - 12*s + 2. What is the units digit of n(-9)?
6
Let v = -5 - -3. What is the units digit of (2 - 0 - v) + -1?
3
Let c(s) = -s**3 - 9*s**2 - 10*s - 11. Let h be c(-8). Suppose -h*j - 4 = -29. Suppose 79 = j*p + 5*n - 2*n, n = -5*p + 73. What is the tens digit of p?
1
What is the tens digit of 107 - 3*(1 + -3)/2?
1
Let t(r) = -16*r - 16. What is the tens digit of t(-9)?
2
Let t = 70 + -16. What is the tens digit of t?